
True
Is 3589 prime?
False
Is 20431 a prime number?
True
Is 1151141 a composite number?
False
Is 954413 composite?
True
Is 17671 composite?
True
Is 285193 a composite number?
True
Is 86069 composite?
False
Is 38899 a composite number?
True
Is 4780261 a prime number?
True
Is 325447 a composite number?
False
Is 282981 composite?
True
Is 212621 composite?
True
Is 254489 a composite number?
False
Is 8035 a prime number?
False
Is 644641 prime?
False
Is 622689 a composite number?
True
Is 16277 a prime number?
False
Is 835369 a composite number?
False
Is 84263 composite?
False
Is 10321 a composite number?
False
Is 612239 composite?
True
Is 7631 a composite number?
True
Is 98177 a prime number?
False
Is 67685 a composite number?
True
Is 1471 a composite number?
False
Is 42869 prime?
False
Is 132413 prime?
False
Is 4201 prime?
True
Is 217847 a prime number?
False
Is 19561 prime?
False
Is 806893 a composite number?
False
Is 124535 prime?
False
Is 12757 a prime number?
True
Is 3299 composite?
False
Is 32107 prime?
False
Is 1422857 a composite number?
False
Is 218761 prime?
True
Is 11519 a prime number?
True
Is 1720109 composite?
False
Is 1901 a prime number?
True
Is 3989 a composite number?
False
Is 417507 prime?
False
Is 11333 a composite number?
True
Is 128887 composite?
True
Is 747991 a composite number?
False
Is 5003 a composite number?
False
Is 2818 composite?
True
Is 902047 composite?
False
Is 134257 composite?
False
Is 4195 a prime number?
False
Is 176819 prime?
True
Is 1295059 prime?
False
Is 7331 prime?
True
Is 125123 a composite number?
True
Is 4265 prime?
False
Is 53401 a prime number?
True
Is 2231 a prime number?
False
Is 40787 prime?
True
Is 17455 prime?
False
Is 187631 a composite number?
False
Is 2267 a prime number?
True
Is 94597 composite?
False
Is 25735 prime?
False
Is 7814 composite?
True
Is 5227 prime?
True
Is 2199245 a prime number?
False
Is 29247 a prime number?
False
Is 30449 composite?
False
Is 21921 a composite number?
True
Is 13199 a prime number?
False
Is 18041 composite?
False
Is 167669 a composite number?
True
Is 271574 prime?
False
Is 135631 a composite number?
True
Is 1348357 a composite number?
False
Is 461623 a composite number?
True
Is 228383 prime?
True
Is 301827 a composite number?
True
Is 2143331 a prime number?
True
Is 25057 a composite number?
False
Is 73699 composite?
False
Is 804515 prime?
False
Is 7019 a composite number?
False
Is 1107541 a prime number?
False
Is 24493 prime?
False
Is 2477 composite?
False
Is 167015 composite?
True
Is 109961 a composite number?
False
Is 114883 prime?
True
Is 57877 composite?
True
Is 5993 prime?
False
Is 10169 composite?
False
Is 23 prime?
True
Is 165593 prime?
False
Is 12841 a composite number?
False
Is 57947 prime?
True
Is 5737 prime?
True
Is 13459 prime?
False
Is 412561 a prime number?
True
Is 88115 a composite number?
True
Is 24011 prime?
False
Is 53213 prime?
False
Is 74821 prime?
True
Is 158863 a composite number?
False
Is 47363 a prime number?
True
Is 1499 prime?
True
Is 1757 composite?
True
Is 22405 prime?
False
Is 3593 a prime number?
True
Is 88069 prime?
True
Is 59497 a prime number?
True
Is 104411 a composite number?
True
Is 470021 composite?
False
Is 14374 composite?
True
Is 418973 a prime number?
False
Is 96207 prime?
False
Is 2017 a prime number?
True
Is 40343 composite?
False
Is 3055271 a composite number?
True
Is 571057 composite?
True
Is 13291 a prime number?
True
Is 38719 prime?
False
Is 20411 prime?
True
Is 60493 composite?
False
Is 4679 prime?
True
Is 85737 a prime number?
False
Is 92153 a prime number?
True
Is 267749 composite?
False
Is 17599 composite?
False
Is 34027 composite?
True
Is 5287 a composite number?
True
Is 128099 a prime number?
True
Is 9287 composite?
True
Is 1244734 composite?
True
Is 104459 prime?
True
Is 11657 prime?
True
Is 48437 composite?
False
Is 403 composite?
True
Is 447 prime?
False
Is 5155 prime?
False
Is 902657 a composite number?
True
Is 54181 a prime number?
True
Is 75899 composite?
True
Is 1643 a prime number?
False
Is 19631 a composite number?
True
Is 120299 prime?
True
Is 1337 prime?
False
Is 11791 composite?
True
Is 551863 composite?
True
Is 40739 composite?
False
Is 35797 composite?
False
Is 4078 composite?
True
Is 234237 prime?
False
Is 10537 prime?
False
Is 50839 a composite number?
False
Is 23105 composite?
True
Is 2846 composite?
True
Is 2819 a prime number?
True
Is 1468893 a prime number?
False
Is 298 a composite number?
True
Is 101407 a composite number?
True
Is 45482 composite?
True
Is 39379 prime?
False
Is 22805 a prime number?
False
Is 3001519 prime?
False
Is 158393 prime?
True
Is 29789 composite?
False
Is 3057 prime?
False
Is 76079 a prime number?
True
Is 3271 a prime number?
True
Is 8903 a composite number?
True
Is 3439 composite?
True
Is 641 a composite number?
False
Is 8219 a composite number?
False
Is 410857 composite?
False
Is 34163 prime?
False
Is 114685 a composite number?
True
Is 25007 prime?
False
Is 29599 a composite number?
False
Is 213623 composite?
False
Is 17239 a composite number?
False
Is 263323 a composite number?
False
Is 39003 a prime number?
False
Is 6606953 composite?
False
Is 61129 prime?
True
Is 1274027 prime?
False
Is 341906 a prime number?
False
Is 52651 a composite number?
True
Is 235483 composite?
False
Is 61331 prime?
True
Is 9601 composite?
False
Is 50929 prime?
True
Is 1979 a prime number?
True
Is 5245 a composite number?
True
Is 328019 a composite number?
True
Is 17531 prime?
False
Is 6377 a prime number?
False
Is 837959 a prime number?
False
Is 128779 a prime number?
False
Is 561278 a composite number?
True
Is 17947 a prime number?
False
Is 64651 composite?
True
Is 2070931 a prime number?
True
Is 58271 a prime number?
True
Is 56431 composite?
False
Is 9965 a composite number?
True
Is 20849 prime?
True
Is 2248459 a prime number?
False
Is 187993 a prime number?
False
Is 55855 prime?
False
Is 238861 composite?
True
Is 13997 a prime number?
True
Is 177 composite?
True
Is 45829 prime?
False
Is 46045 composite?
True
Is 69841 a composite number?
True
Is 24631 a prime number?
True
Is 30413 a composite number?
True
Is 6379 composite?
False
Is 31 a prime number?
True
Is 10007 prime?
True
Is 11311 prime?
True
Is 445427 composite?
False
Is 7741 a composite number?
False
Is 15053 prime?
True
Is 697063 composite?
False
Is 456541 prime?
False
Is 506929 a prime number?
True
Is 852079 prime?
True
Is 5137 a composite number?
True
Is 31567 prime?
True
Is 165565 a prime number?
False
Is 55453 a prime number?
False
Is 264619 a prime number?
True
Is 7151 a composite number?
False
Is 5381 a prime number?
True
Is 26227 prime?
True
Is 45571 composite?
True
Is 7969 composite?
True
Is 57733 composite?
True
Is 528107 prime?
True
Is 194471 a prime number?
True
Is 5809 prime?
False
Is 701105 prime?
False
Is 14113 composite?
True
Is 74523 a prime number?
False
Is 130821 prime?
False
Is 304301 composite?
False
Is 372349 composite?
True
Is 1973 a prime number?
True
Is 579871 composite?
True
Is 3103 a composite number?
True
Is 126989 a prime number?
True
Is 374353 composite?
True
Is 3041 prime?
True
Is 380533 a composite number?
False
Is 97397 a composite number?
False
Is 152549 prime?
False
Is 2999 a prime number?
True
Is 35842 prime?
False
Is 75261 prime?
False
Is 500407 composite?
True
Is 139553 a composite number?
True
Is 6947 prime?
True
Is 36181 a prime number?
False
Is 56926 composite?
True
Is 68437 prime?
True
Is 1087 a composite number?
False
Is 1887499 a prime number?
True
Is 149393 a prime number?
True
Is 33961 composite?
False
Is 62877 a composite number?
True
Is 881591 a prime number?
True
Is 45581 composite?
True
Is 14197 composite?
False
Is 6121 a composite number?
False
Is 5407 composite?
False
Is 37319 prime?
False
Is 37337 prime?
True
Is 8899 prime?
False
Is 62507 a composite number?
False
Is 8506 a composite number?
True
Is 186691 a prime number?
False
Is 187231 a composite number?
True
Is 226427 a prime number?
True
Is 3457 a composite number?
False
Is 235091 prime?
True
Is 1770409 a prime number?
True
Is 3109 prime?
True
Is 966499 a composite number?
False
Is 1126 a prime number?
False
Is 33171 a composite number?
True
Is 541207 a composite number?
True
Is 1515893 prime?
False
Is 5699 a composi